by h?
11
Let q(u) = 11*u + u**3 + 55*u**2 - 14*u**2 + 29 - 28*u**2. What is the remainder when 77 is divided by q(-12)?
36
Let o = -33 - -41. Suppose 15 = c - o. Suppose -z = 3*q - 35, -4*z - q - q + 170 = 0. What is the remainder when z is divided by c?
21
Let p = 557 + -496. Calculate the remainder when 117 is divided by p.
56
Suppose -11 - 33 = -11*r. Calculate the remainder when (87/12)/(r/16) is divided by 2/(-7) - 116/(-14).
5
Let a be (-2 + -3 + 14)/(2/68). Suppose 32*b - 29*b - a = 0. What is the remainder when b is divided by 13?
11
Let h(k) = k**2 + 20*k + 107. What is the remainder when 163 is divided by h(-11)?
3
Let b(x) = -3*x + 24. Let t be b(-14). Let j = -47 + t. Calculate the remainder when j is divided by 8.
3
Let m(u) = u**3 + 14*u**2 - 3*u + 21. Let k(g) = 2*g**3 + 29*g**2 - 7*g + 41. Let t(r) = -2*k(r) + 5*m(r). Calculate the remainder when t(-12) is divided by 12.
11
Suppose -10*h + 147 = -273. Calculate the remainder when h is divided by 4.
2
Suppose 4*t = -5*z + 59, 20*z + 3*t - 58 = 15*z. What is the remainder when 547 is divided by z?
8
Suppose -5*n = 5*s + 135, -n - 73 = 2*n + 5*s. Suppose -2*a = 5*o + 265, 2*a = -3*o - a - 168. Let q = n - o. Calculate the remainder when 77 is divided by q.
17
Let t = 390 - 252. Calculate the remainder when t is divided by 14.
12
Let z = 5 - -14. Let f = -9 + z. What is the remainder when 36*4/((-16)/(-3)) is divided by f?
7
Suppose 112*p = 89*p + 391. Calculate the remainder when 388 is divided by p.
14
Suppose 5*o - 569 = 4*x, -156 - 67 = -2*o - 3*x. Let a = o + -56. What is the remainder when 283 is divided by a?
55
Let g(p) = -p - 6. Suppose 2*x + 115 = -o, 0 = o - 3*x - 0*x + 135. Let c = -51 - o. What is the remainder when c is divided by g(-21)?
12
Let l(y) = 2*y - 7. Let t = 16 - 14. Suppose 7*h - t*h - 40 = 0. Calculate the remainder when h is divided by l(5).
2
Suppose v = 3, 3*z + 3*v - 229 = 665. Calculate the remainder when z is divided by 145.
5
Suppose -2*j = -b - 0*j + 57, 5*j = -5*b + 270. What is the remainder when b is divided by 21?
13
Suppose 5*g = l + 102, -5*l - 34 = -2*g - 7. Let o = 198 - 117. Calculate the remainder when o is divided by g.
18
Let q = -13 - -29. Suppose 0 = 4*j - 5*j + 112. Let y = j - 65. Calculate the remainder when y is divided by q.
15
Let n = -688 - -704. What is the remainder when 28 is divided by n?
12
Let v be 9/((-60)/25 - -3). Calculate the remainder when -285*(2/v)/(2/(-10)) is divided by 48.
46
Suppose 3583 - 3563 = 2*y. Let f(q) = 7*q + 4. What is the remainder when f(6) is divided by y?
6
Suppose -32 = -x + 4*w, 5*x - 4*w + w - 245 = 0. Calculate the remainder when x is divided by 14.
10
Calculate the remainder when (4 + -1 - 2) + 120 is divided by (-7092)/(-228) + ((-120)/57 - -2).
28
Suppose -9 = -3*z, 3*j - 17*z + 13*z = 84. Calculate the remainder when (-544)/(-6) + 4/(-6) is divided by j.
26
Let t(p) = 22*p**2 + 7*p + 8. Suppose 44*h - 43*h = -2. Calculate the remainder when t(h) is divided by 42*(3/(-2))/(-3).
19
Suppose -4*h + 27 = 2*x + 7, -24 = -5*x + 3*h. Suppose x*u = u + 205. Calculate the remainder when 80 is divided by u.
39
Suppose r = -2, 0 = 5*b + 3*r - 199 - 140. Calculate the remainder when 550 is divided by b.
67
Suppose 5*d - 10*f + 6*f - 5198 = 0, 4*d + 4*f - 4144 = 0. Calculate the remainder when d is divided by 65.
63
Let v = 628 - 569. What is the remainder when 285 is divided by v?
49
Let q(w) = -5*w - 7. Let y be q(-3). Suppose y*g - 3*g = 30. Suppose -g = -4*j + 42. Calculate the remainder when 46 is divided by j.
10
Let h(g) = -g**3 + 27*g**2 + 61*g - 32. What is the remainder when h(29) is divided by 33?
22
Suppose l = -3*v - 122, 0 = 5*l + 3*v - 219 + 769. Let f = 165 + l. Let y = -6 + 21. Calculate the remainder when f is divided by y.
13
Suppose -2*x + 232 = 2*k - 7*k, -x + 102 = k. Let a = x - 97. What is the remainder when 26 is divided by a?
8
Let k be ((-16)/(-4) + -2)/(2/(-14)). Let n(a) = -7*a - 57. Calculate the remainder when n(k) is divided by 21.
20
Let c be -1 - -1 - -5*28. Let j(b) = -b**2 - 50*b + 234. Let o be j(-53). Let d = c - o. What is the remainder when d is divided by 17?
14
Let z = 0 + 8. Suppose -23 = -4*c - 3*d, 15*c + 4 = 12*c + 2*d. Calculate the remainder when 40 + -4 + 2 + (c - 1) is divided by z.
7
Let y(f) = -f**3 - 6*f**2 + 5*f + 2. Let v be y(-5). Let z = v + 182. Calculate the remainder when z is divided by 17.
15
Let j = -1 - 1. Let q be -16*j/((-2)/(-3)). Suppose 0*a = -3*a + q. What is the remainder when 29 is divided by a?
13
Suppose 0 = -8*y + 148 + 140. Calculate the remainder when 609 is divided by y.
33
Let k = -8242 - -8264. Let s(n) = n**2 + n. Let o be s(1). Let i(f) = f**3 + 2*f**2 - f - 2. What is the remainder when k is divided by i(o)?
10
Let k = 91 - 53. Let t = 389 - 378. What is the remainder when k is divided by t?
5
Let w = -431 - -439. What is the remainder when 32 is divided by w?
0
Let d = 8 + -51. What is the remainder when (-3)/18*-4 + d/(-3) is divided by 6?
3
Let t = -168 - -289. Suppose 5*s + 36 - t = 0. Calculate the remainder when 135 is divided by s.
16
Let y = -30 - -34. Let o = 21 + -3. Calculate the remainder when o is divided by y.
2
Let v = 4 - -4. Suppose -16 = -12*o + v*o. Suppose -9*a + o*a + 50 = 0. What is the remainder when 27 is divided by a?
7
Let n = -270 - -306. What is the remainder when 143 is divided by n?
35
Let a = -17 + 20. Suppose -4*x + 55 = -d + 2*d, -a*d = -2*x - 193. Calculate the remainder when d is divided by 16.
15
Suppose 5*d - 125 + 110 = 0. Let l = -1 + 0. Calculate the remainder when 0 + l - 8/(-2) is divided by d.
0
Let p(w) = -w**3 + 5*w**2 - 4*w - 1. Let x be p(4). Calculate the remainder when 418/8 + x/4 is divided by 18.
16
Let r(x) = -x**2 - 10*x - 4. Let w = 17 - 25. What is the remainder when r(w) is divided by (4 + -3)/((-2)/(-6))?
0
Let x(q) be the first derivative of -q**3/3 - q**2/2 + 10*q - 15. Calculate the remainder when 37 is divided by x(0).
7
Suppose -2 = 4*z - 38. Let l = z - 5. Suppose -l*v = -2*v - 28. Calculate the remainder when 39 is divided by v.
11
Suppose -1038 - 340 = -13*i. Let b be 4/14 + (-4)/14. Suppose -5*f + f + 136 = 4*t, 3*f + 5*t - 98 = b. What is the remainder when i is divided by f?
34
Let k = 9 - 29. Let z = 35 + k. Suppose -4*f - 4*m = -2*f - 82, 5*f = -m + 205. What is the remainder when f is divided by z?
11
Let u = -32 - -62. Calculate the remainder when u is divided by 11.
8
Let w = 6 + -6. Let b(m) = -m**3 + m + 4. Let f be b(w). Suppose 3*v + 2*l = -v + 18, 0 = -3*v - f*l + 11. Calculate the remainder when 7 is divided by v.
2
Let d be (-51)/2*(-16)/(-6). Let n = d + 98. Calculate the remainder when n is divided by 11.
8
Let r(s) = -7*s**2 - 39*s - 23. What is the remainder when 57 is divided by r(-4)?
15
Let g = 1532 + -1481. What is the remainder when 402 is divided by g?
45
Let f(c) = 2*c + 12. Let t be f(-5). Suppose 0 = t*n + 29 - 83. Calculate the remainder when n is divided by 15.
12
Let v(i) = -i**2 - 10*i + 8. Let c be v(-12). What is the remainder when ((-861)/12)/7*c is divided by 55?
54
Let a(w) = 23*w + 7. What is the remainder when (-121)/(-1) - (0 - -2) is divided by a(1)?
29
Let a(r) = 2*r - 27. Calculate the remainder when 31 is divided by a(22).
14
Let x(u) be the third derivative of u**4/12 + 7*u**3/3 + 20*u**2. Calculate the remainder when 124 is divided by x(9).
28
Let v = -286 + 514. Calculate the remainder when v is divided by 23.
21
Suppose y = -y + 52. Suppose -2*l - 3*l = d - 26, 3*l - 2*d - y = 0. Calculate the remainder when ((-21)/l)/7*-8 is divided by 3.
1
Calculate the remainder when 155 is divided by (-72)/30*(-4 + -1).
11
Suppose -4*d + 102 = i, -19*d + 16*d - i = -77. Calculate the remainder when 171 is divided by d.
21
Suppose 3*i - 45 = y, -3*i - 4*y = -y - 33. Suppose 5 = -3*k + i. Calculate the remainder when 16 is divided by k.
1
Let m(h) = -h**2 - 24*h + 526. Suppose 4*q = 12 + 52. Calculate the remainder when m(13) is divided by q.
13
Let g(u) = 2*u + 44. Let n be g(-18). Calculate the remainder when 44 is divided by -2*11/(-2) + (n - 7).
8
What is the remainder when 1598 is divided by ((24/(-16))/(8/1312))/(-2)?
122
Suppose -230*h + 239*h - 4005 = 0. Calculate the remainder when h is divided by 75.
70
Suppo